{"id":2307,"date":"2011-02-19T00:03:06","date_gmt":"2011-02-18T22:03:06","guid":{"rendered":"http:\/\/www.scuolabasketnoventavicentina.org\/?page_id=2307"},"modified":"2011-02-19T00:06:48","modified_gmt":"2011-02-18T22:06:48","slug":"premiazione-notte-delle-stelle","status":"publish","type":"page","link":"https:\/\/www.scuolabasketnoventapojana.org\/?page_id=2307","title":{"rendered":"NOTTE DELLE STELLE"},"content":{"rendered":"<p>07\/02\/2011: <strong>La Scuola Basket Noventa Vicentina \u00e8 stata premiata dal CONI di Vicenza<\/strong> <strong>per &#8220;L&#8217; ATTIVITA&#8217; GIOVANILE&#8221;<\/strong> svolta nel 2010 insieme ad altre 29 associazioni sportive della provincia. &#8220;Ci sentiamo molto onorati di essere stati scelti tra le tante associazioni di tutto il vicentino, ringraziamo il CONI per il premio conferitoci. Tuttto\u00a0questo ci rende ancora pi\u00f9 orgogliosi del lavoro che abbiamo fatto in questi anni e ci far\u00e0 mettere ancora pi\u00f9 entusiasmo per il futuro&#8221;. Bocchese Mauro<\/p>\n<p style=\"text-align: center;\"><a href=\"https:\/\/www.scuolabasketnoventapojana.org\/wp-content\/uploads\/2011\/02\/CONI21.jpg\"><img loading=\"lazy\" decoding=\"async\" class=\"aligncenter size-full wp-image-2308\" title=\"CONI2\" src=\"https:\/\/www.scuolabasketnoventapojana.org\/wp-content\/uploads\/2011\/02\/CONI21.jpg\" alt=\"\" width=\"448\" height=\"313\" \/><\/a><\/p>\n","protected":false},"excerpt":{"rendered":"<p>07\/02\/2011: La Scuola Basket Noventa Vicentina \u00e8 stata premiata dal CONI di Vicenza per &#8220;L&#8217; ATTIVITA&#8217; GIOVANILE&#8221; svolta nel 2010 insieme ad altre 29 associazioni sportive della provincia. &#8220;Ci sentiamo molto onorati di essere stati scelti tra le tante associazioni di tutto il vicentino, ringraziamo il CONI per il premio conferitoci. Tuttto\u00a0questo ci rende ancora [&hellip;]<\/p>\n","protected":false},"author":88286,"featured_media":0,"parent":1802,"menu_order":27,"comment_status":"open","ping_status":"closed","template":"","meta":{"footnotes":""},"class_list":["post-2307","page","type-page","status-publish","hentry"],"_links":{"self":[{"href":"https:\/\/www.scuolabasketnoventapojana.org\/index.php?rest_route=\/wp\/v2\/pages\/2307","targetHints":{"allow":["GET"]}}],"collection":[{"href":"https:\/\/www.scuolabasketnoventapojana.org\/index.php?rest_route=\/wp\/v2\/pages"}],"about":[{"href":"https:\/\/www.scuolabasketnoventapojana.org\/index.php?rest_route=\/wp\/v2\/types\/page"}],"author":[{"embeddable":true,"href":"https:\/\/www.scuolabasketnoventapojana.org\/index.php?rest_route=\/wp\/v2\/users\/88286"}],"replies":[{"embeddable":true,"href":"https:\/\/www.scuolabasketnoventapojana.org\/index.php?rest_route=%2Fwp%2Fv2%2Fcomments&post=2307"}],"version-history":[{"count":5,"href":"https:\/\/www.scuolabasketnoventapojana.org\/index.php?rest_route=\/wp\/v2\/pages\/2307\/revisions"}],"predecessor-version":[{"id":2313,"href":"https:\/\/www.scuolabasketnoventapojana.org\/index.php?rest_route=\/wp\/v2\/pages\/2307\/revisions\/2313"}],"up":[{"embeddable":true,"href":"https:\/\/www.scuolabasketnoventapojana.org\/index.php?rest_route=\/wp\/v2\/pages\/1802"}],"wp:attachment":[{"href":"https:\/\/www.scuolabasketnoventapojana.org\/index.php?rest_route=%2Fwp%2Fv2%2Fmedia&parent=2307"}],"curies":[{"name":"wp","href":"https:\/\/api.w.org\/{rel}","templated":true}]}}