{"id":17546,"date":"2024-12-14T10:14:18","date_gmt":"2024-12-14T08:14:18","guid":{"rendered":"https:\/\/www.scuolabasketnoventapojana.org\/?page_id=17546"},"modified":"2024-12-14T10:20:42","modified_gmt":"2024-12-14T08:20:42","slug":"6-arzignano-sbnp","status":"publish","type":"page","link":"https:\/\/www.scuolabasketnoventapojana.org\/?page_id=17546","title":{"rendered":"6 &#8211; Arzignano &#8211; SBNP"},"content":{"rendered":"\n<p>Arzignano &#8211; SBNP: 87-38<\/p>\n\n\n\n<p>Gara iniziata molto bene dai nostri che mettono in difficolt\u00e0 gli avversari e se la giocano alla pari nei primi minuti di gioco. Nel secondo parziale cominciano le difficolt\u00e0 sia in difesa che in attacco, poi nel secondo tempo non riusciamo pi\u00f9 a giocare al livello richiesto dalla partita e con un ultimo parziale che ci vede concederne ben 33 di punti la partita si chiude con un punteggio pesantissimo. <\/p>\n\n\n\n<p><em>Parziali: 1. 10-8 2. 21-8 3. 23-16 4. 33-6<\/em><\/p>\n\n\n\n<p><strong>SBNP: Siviero 2, Tenu 8, Gnesin 1, Faedo 0, Bocchese 0, Reka 0, Giuliati 23, Pasquale (cap) 4. Coach; Bocchese Mauro<\/strong><\/p>\n\n\n\n<p>Ufficio Stampa SBNP<\/p>\n","protected":false},"excerpt":{"rendered":"<p>Arzignano &#8211; SBNP: 87-38 Gara iniziata molto bene dai nostri che mettono in difficolt\u00e0 gli avversari e se la giocano alla pari nei primi minuti di gioco. Nel secondo parziale cominciano le difficolt\u00e0 sia in difesa che in attacco, poi nel secondo tempo non riusciamo pi\u00f9 a giocare al livello richiesto dalla partita e con [&hellip;]<\/p>\n","protected":false},"author":88286,"featured_media":0,"parent":10867,"menu_order":6,"comment_status":"closed","ping_status":"closed","template":"","meta":{"footnotes":""},"class_list":["post-17546","page","type-page","status-publish","hentry"],"_links":{"self":[{"href":"https:\/\/www.scuolabasketnoventapojana.org\/index.php?rest_route=\/wp\/v2\/pages\/17546","targetHints":{"allow":["GET"]}}],"collection":[{"href":"https:\/\/www.scuolabasketnoventapojana.org\/index.php?rest_route=\/wp\/v2\/pages"}],"about":[{"href":"https:\/\/www.scuolabasketnoventapojana.org\/index.php?rest_route=\/wp\/v2\/types\/page"}],"author":[{"embeddable":true,"href":"https:\/\/www.scuolabasketnoventapojana.org\/index.php?rest_route=\/wp\/v2\/users\/88286"}],"replies":[{"embeddable":true,"href":"https:\/\/www.scuolabasketnoventapojana.org\/index.php?rest_route=%2Fwp%2Fv2%2Fcomments&post=17546"}],"version-history":[{"count":4,"href":"https:\/\/www.scuolabasketnoventapojana.org\/index.php?rest_route=\/wp\/v2\/pages\/17546\/revisions"}],"predecessor-version":[{"id":17550,"href":"https:\/\/www.scuolabasketnoventapojana.org\/index.php?rest_route=\/wp\/v2\/pages\/17546\/revisions\/17550"}],"up":[{"embeddable":true,"href":"https:\/\/www.scuolabasketnoventapojana.org\/index.php?rest_route=\/wp\/v2\/pages\/10867"}],"wp:attachment":[{"href":"https:\/\/www.scuolabasketnoventapojana.org\/index.php?rest_route=%2Fwp%2Fv2%2Fmedia&parent=17546"}],"curies":[{"name":"wp","href":"https:\/\/api.w.org\/{rel}","templated":true}]}}